{"id":1151,"date":"2023-03-27T21:51:42","date_gmt":"2023-03-27T19:51:42","guid":{"rendered":"https:\/\/kellycolonges.com\/?page_id=1151"},"modified":"2025-10-04T23:26:00","modified_gmt":"2025-10-04T21:26:00","slug":"balades-botaniques-provence","status":"publish","type":"page","link":"https:\/\/kellycolonges.com\/index.php\/ateliers-et-formations\/balades-botaniques-provence\/","title":{"rendered":"Balades botaniques Provence"},"content":{"rendered":"\n<h2 class=\"wp-block-heading has-medium-font-size\">A la d\u00e9couverte des plantes sauvages.<\/h2>\n\n\n\n<p class=\"has-medium-font-size\">Je vous propose plusieurs balades botaniques dans l\u2019ann\u00e9e. Les sorties natures de l&rsquo;ann\u00e9e 2025 seront un dimanche par mois de 16h \u00e0 18h. Le but de cette activit\u00e9 est de partir \u00e0 la rencontre des plantes sauvages. Nous apprenons alors \u00e0 les reconna\u00eetre. Je vous livre \u00e9galement quelques recettes et secrets d\u2019utilisation. Vous pourrez ainsi avoir une id\u00e9e de comment pr\u00e9parer des rem\u00e8des familiaux ou des recettes de cuisine qui \u00e9paterons vos invit\u00e9s. Je d\u00e9taille les savoirs faire des transformations des plantes dans <a href=\"https:\/\/kellycolonges.com\/index.php\/ateliers-et-formations\/\">mes ateliers<\/a>.<\/p>\n\n\n\n<p class=\"has-medium-font-size\">Pour r\u00e9server deux possibilit\u00e9s : <\/p>\n\n\n\n<ul class=\"wp-block-list\">\n<li>vous pouvez directement vous enregistrer via le lien de paiement en ligne <\/li>\n\n\n\n<li>vous pouvez <a href=\"https:\/\/kellycolonges.com\/index.php\/contact\/\">me contacter directement via mon num\u00e9ro ou par mail<\/a>.<\/li>\n<\/ul>\n\n\n\n<figure class=\"wp-block-gallery has-nested-images columns-4 is-cropped wp-block-gallery-1 is-layout-flex wp-block-gallery-is-layout-flex\">\n<figure class=\"wp-block-image size-large\"><img loading=\"lazy\" decoding=\"async\" width=\"576\" height=\"1024\" data-id=\"746\" src=\"https:\/\/kellycolonges.com\/wp-content\/uploads\/2023\/01\/IMG_20221228_151646-576x1024.jpg\" alt=\"\" class=\"wp-image-746\" srcset=\"https:\/\/kellycolonges.com\/wp-content\/uploads\/2023\/01\/IMG_20221228_151646-576x1024.jpg 576w, https:\/\/kellycolonges.com\/wp-content\/uploads\/2023\/01\/IMG_20221228_151646-169x300.jpg 169w, https:\/\/kellycolonges.com\/wp-content\/uploads\/2023\/01\/IMG_20221228_151646-768x1365.jpg 768w, https:\/\/kellycolonges.com\/wp-content\/uploads\/2023\/01\/IMG_20221228_151646-864x1536.jpg 864w, https:\/\/kellycolonges.com\/wp-content\/uploads\/2023\/01\/IMG_20221228_151646-1152x2048.jpg 1152w, https:\/\/kellycolonges.com\/wp-content\/uploads\/2023\/01\/IMG_20221228_151646-34x60.jpg 34w, https:\/\/kellycolonges.com\/wp-content\/uploads\/2023\/01\/IMG_20221228_151646-scaled.jpg 1440w\" sizes=\"auto, (max-width: 576px) 100vw, 576px\" \/><figcaption class=\"wp-element-caption\">Gen\u00e9vrier commun<\/figcaption><\/figure>\n\n\n\n<figure class=\"wp-block-image size-large\"><img loading=\"lazy\" decoding=\"async\" width=\"766\" height=\"1024\" data-id=\"995\" src=\"https:\/\/kellycolonges.com\/wp-content\/uploads\/2023\/01\/IMG_20210923_191121-766x1024.jpg\" alt=\"\" class=\"wp-image-995\" srcset=\"https:\/\/kellycolonges.com\/wp-content\/uploads\/2023\/01\/IMG_20210923_191121-766x1024.jpg 766w, https:\/\/kellycolonges.com\/wp-content\/uploads\/2023\/01\/IMG_20210923_191121-224x300.jpg 224w, https:\/\/kellycolonges.com\/wp-content\/uploads\/2023\/01\/IMG_20210923_191121-768x1026.jpg 768w, https:\/\/kellycolonges.com\/wp-content\/uploads\/2023\/01\/IMG_20210923_191121-1149x1536.jpg 1149w, https:\/\/kellycolonges.com\/wp-content\/uploads\/2023\/01\/IMG_20210923_191121-1532x2048.jpg 1532w, https:\/\/kellycolonges.com\/wp-content\/uploads\/2023\/01\/IMG_20210923_191121-45x60.jpg 45w, https:\/\/kellycolonges.com\/wp-content\/uploads\/2023\/01\/IMG_20210923_191121-scaled.jpg 1916w\" sizes=\"auto, (max-width: 766px) 100vw, 766px\" \/><figcaption class=\"wp-element-caption\">Fleurs de romarin<\/figcaption><\/figure>\n\n\n\n<figure class=\"wp-block-image size-large\"><img loading=\"lazy\" decoding=\"async\" width=\"576\" height=\"1024\" data-id=\"748\" src=\"https:\/\/kellycolonges.com\/wp-content\/uploads\/2023\/01\/IMG_20221228_150958-576x1024.jpg\" alt=\"\" class=\"wp-image-748\" srcset=\"https:\/\/kellycolonges.com\/wp-content\/uploads\/2023\/01\/IMG_20221228_150958-576x1024.jpg 576w, https:\/\/kellycolonges.com\/wp-content\/uploads\/2023\/01\/IMG_20221228_150958-169x300.jpg 169w, https:\/\/kellycolonges.com\/wp-content\/uploads\/2023\/01\/IMG_20221228_150958-768x1365.jpg 768w, https:\/\/kellycolonges.com\/wp-content\/uploads\/2023\/01\/IMG_20221228_150958-864x1536.jpg 864w, https:\/\/kellycolonges.com\/wp-content\/uploads\/2023\/01\/IMG_20221228_150958-1152x2048.jpg 1152w, https:\/\/kellycolonges.com\/wp-content\/uploads\/2023\/01\/IMG_20221228_150958-34x60.jpg 34w, https:\/\/kellycolonges.com\/wp-content\/uploads\/2023\/01\/IMG_20221228_150958-scaled.jpg 1440w\" sizes=\"auto, (max-width: 576px) 100vw, 576px\" \/><figcaption class=\"wp-element-caption\">Bourgeon de pin<\/figcaption><\/figure>\n\n\n\n<figure class=\"wp-block-image size-large\"><img loading=\"lazy\" decoding=\"async\" width=\"766\" height=\"1024\" data-id=\"503\" src=\"https:\/\/kellycolonges.com\/wp-content\/uploads\/2023\/01\/img_20210909_174500-766x1024.jpg\" alt=\"\" class=\"wp-image-503\" srcset=\"https:\/\/kellycolonges.com\/wp-content\/uploads\/2023\/01\/img_20210909_174500-766x1024.jpg 766w, https:\/\/kellycolonges.com\/wp-content\/uploads\/2023\/01\/img_20210909_174500-224x300.jpg 224w, https:\/\/kellycolonges.com\/wp-content\/uploads\/2023\/01\/img_20210909_174500-768x1026.jpg 768w, https:\/\/kellycolonges.com\/wp-content\/uploads\/2023\/01\/img_20210909_174500-1149x1536.jpg 1149w, https:\/\/kellycolonges.com\/wp-content\/uploads\/2023\/01\/img_20210909_174500-1532x2048.jpg 1532w, https:\/\/kellycolonges.com\/wp-content\/uploads\/2023\/01\/img_20210909_174500-45x60.jpg 45w, https:\/\/kellycolonges.com\/wp-content\/uploads\/2023\/01\/img_20210909_174500-scaled.jpg 1916w\" sizes=\"auto, (max-width: 766px) 100vw, 766px\" \/><figcaption class=\"wp-element-caption\">Aub\u00e9pine<\/figcaption><\/figure>\n<\/figure>\n\n\n\n<hr class=\"wp-block-separator has-alpha-channel-opacity\"\/>\n\n\n\n<h3 class=\"wp-block-heading has-large-font-size\" id=\"block-092d9f1d-ae98-441c-952c-28d09e23d8fc\">Planning balades botaniques en Provence<\/h3>\n\n\n\n<p class=\"has-medium-font-size\">Planning 2025 est fini &#8230; Si vous \u00eates int\u00e9r\u00e9ss\u00e9.es par une balade botanique <a href=\"https:\/\/kellycolonges.com\/index.php\/contact\/\">contactez moi<\/a> !<\/p>\n\n\n\n<div class=\"wp-block-buttons is-content-justification-center is-layout-flex wp-container-core-buttons-is-layout-16018d1d wp-block-buttons-is-layout-flex\">\n<div class=\"wp-block-button has-custom-width wp-block-button__width-100\"><a class=\"wp-block-button__link has-white-color has-surecart-background-color has-text-color has-background has-link-color wp-element-button\" href=\"https:\/\/buy.stripe.com\/8wM8yd4Z177I7wQfYY\" style=\"border-style:none;border-width:0px;padding-top:var(--wp--preset--spacing--20);padding-right:0;padding-bottom:var(--wp--preset--spacing--20);padding-left:0\">Dimanche 23 mars 2025 <\/a><\/div>\n\n\n\n<div class=\"wp-block-button has-custom-width wp-block-button__width-100\"><a class=\"wp-block-button__link has-white-color has-cyan-bluish-gray-background-color has-text-color has-background has-link-color wp-element-button\" href=\"https:\/\/buy.stripe.com\/cN27u99fh1No2cw3cg\" style=\"border-style:none;border-width:0px;padding-top:var(--wp--preset--spacing--20);padding-right:0;padding-bottom:var(--wp--preset--spacing--20);padding-left:0\">Dimanche 27 avril 2025<\/a><\/div>\n\n\n\n<div class=\"wp-block-button has-custom-width wp-block-button__width-100\"><a class=\"wp-block-button__link has-white-color has-surecart-background-color has-text-color has-background has-link-color wp-element-button\" href=\"https:\/\/buy.stripe.com\/6oEcOt9fh2RsdVe9AF\" style=\"border-style:none;border-width:0px;padding-top:var(--wp--preset--spacing--20);padding-right:0;padding-bottom:var(--wp--preset--spacing--20);padding-left:0\">Dimanche 18 mai 2025 &#8211; 16h \u00e0 18h <\/a><\/div>\n\n\n\n<div class=\"wp-block-button has-custom-width wp-block-button__width-100\"><a class=\"wp-block-button__link has-white-color has-cyan-bluish-gray-background-color has-text-color has-background has-link-color wp-element-button\" href=\"https:\/\/buy.stripe.com\/9AQ4hX4Z163E2cw5kq\" style=\"border-style:none;border-width:0px;padding-top:var(--wp--preset--spacing--20);padding-right:0;padding-bottom:var(--wp--preset--spacing--20);padding-left:0\">Dimanche 29 juin 2025 &#8211; 16h \u00e0 18h <\/a><\/div>\n\n\n\n<div class=\"wp-block-button has-custom-width wp-block-button__width-100\"><a class=\"wp-block-button__link has-white-color has-surecart-background-color has-text-color has-background has-link-color wp-element-button\" href=\"https:\/\/buy.stripe.com\/fZedSx0IL3Vw2cw9AH\" style=\"border-style:none;border-width:0px;padding-top:var(--wp--preset--spacing--20);padding-right:0;padding-bottom:var(--wp--preset--spacing--20);padding-left:0\">Dimanche 28 septembre 2025 &#8211; 16h \u00e0 18h <\/a><\/div>\n<\/div>\n\n\n\n<p class=\"has-medium-font-size\">Pas de niveau de botanique requis pour ces balades. Les d\u00e9butants sont les bienvenus. Certaines notions pourront \u00eatre approfondies en fonction des questions.<\/p>\n\n\n\n<p class=\"has-medium-font-size\">10\u20ac \/ personne <\/p>\n\n\n\n<p class=\"has-medium-font-size\"> GRATUIT pour les moins de 13 ans.<\/p>\n\n\n\n<p class=\"has-medium-font-size\">20 personnes maximum, merci de r\u00e9server \u00e0 l\u2019avance.<\/p>\n\n\n\n<p class=\"has-medium-font-size\">Pour r\u00e9server, vous pouvez acheter vos billets directement en ligne ou m\u2019envoyer un message. Vous trouverez mes coordonn\u00e9es sur la <a href=\"https:\/\/kellycolonges.com\/index.php\/contact\/\" data-type=\"page\" data-id=\"126\">page de contact<\/a>.<\/p>\n\n\n\n<p><strong>Informations pratiques : <\/strong><\/p>\n\n\n\n<ul class=\"wp-block-list\">\n<li>Pensez \u00e0 prendre un verre pour d\u00e9guster une boisson \u00e0 base de plantes sauvages offertes en fin de balade<\/li>\n\n\n\n<li>Pensez \u00e9galement \u00e0 prendre une bouteille d&rsquo;eau et de quoi vous prot\u00e9ger du soleil (casquette, chapeau) <\/li>\n\n\n\n<li>Baskets conseill\u00e9es <\/li>\n<\/ul>\n","protected":false},"excerpt":{"rendered":"<p>A la d\u00e9couverte des plantes sauvages. Je vous propose plusieurs balades botaniques dans l\u2019ann\u00e9e. Les sorties natures de l&rsquo;ann\u00e9e 2025 seront un dimanche par mois &hellip; <\/p>\n","protected":false},"author":1,"featured_media":0,"parent":167,"menu_order":0,"comment_status":"closed","ping_status":"closed","template":"","meta":{"footnotes":""},"class_list":["post-1151","page","type-page","status-publish","hentry","latest_post"],"yoast_head":"<!-- This site is optimized with the Yoast SEO plugin v26.0 - https:\/\/yoast.com\/wordpress\/plugins\/seo\/ -->\n<title>Balades botaniques Provence<\/title>\n<meta name=\"description\" content=\"Vous avez envie de d\u00e9couvrir les plantes qui vous entourent? Partez en balades botaniques en Provence pour apprendre \u00e0 les reconnaitre.\" \/>\n<meta name=\"robots\" content=\"index, follow, max-snippet:-1, max-image-preview:large, max-video-preview:-1\" \/>\n<link rel=\"canonical\" href=\"https:\/\/kellycolonges.com\/index.php\/ateliers-et-formations\/balades-botaniques-provence\/\" \/>\n<meta property=\"og:locale\" content=\"fr_FR\" \/>\n<meta property=\"og:type\" content=\"article\" \/>\n<meta property=\"og:title\" content=\"Balades botaniques Provence\" \/>\n<meta property=\"og:description\" content=\"Vous avez envie de d\u00e9couvrir les plantes qui vous entourent? Partez en balades botaniques en Provence pour apprendre \u00e0 les reconnaitre.\" \/>\n<meta property=\"og:url\" content=\"https:\/\/kellycolonges.com\/index.php\/ateliers-et-formations\/balades-botaniques-provence\/\" \/>\n<meta property=\"og:site_name\" content=\"La r\u00e9serve de l\u2019\u00e9cureuil\" \/>\n<meta property=\"article:publisher\" content=\"https:\/\/www.facebook.com\/profile.php?id=100090131862729\" \/>\n<meta property=\"article:modified_time\" content=\"2025-10-04T21:26:00+00:00\" \/>\n<meta property=\"og:image\" content=\"https:\/\/kellycolonges.com\/wp-content\/uploads\/2023\/01\/IMG_20221228_151646-scaled.jpg\" \/>\n\t<meta property=\"og:image:width\" content=\"1440\" \/>\n\t<meta property=\"og:image:height\" content=\"2560\" \/>\n\t<meta property=\"og:image:type\" content=\"image\/jpeg\" \/>\n<meta name=\"twitter:card\" content=\"summary_large_image\" \/>\n<meta name=\"twitter:label1\" content=\"Dur\u00e9e de lecture estim\u00e9e\" \/>\n\t<meta name=\"twitter:data1\" content=\"3 minutes\" \/>\n<script type=\"application\/ld+json\" class=\"yoast-schema-graph\">{\"@context\":\"https:\/\/schema.org\",\"@graph\":[{\"@type\":\"WebPage\",\"@id\":\"https:\/\/kellycolonges.com\/index.php\/ateliers-et-formations\/balades-botaniques-provence\/\",\"url\":\"https:\/\/kellycolonges.com\/index.php\/ateliers-et-formations\/balades-botaniques-provence\/\",\"name\":\"Balades botaniques Provence\",\"isPartOf\":{\"@id\":\"https:\/\/kellycolonges.com\/#website\"},\"primaryImageOfPage\":{\"@id\":\"https:\/\/kellycolonges.com\/index.php\/ateliers-et-formations\/balades-botaniques-provence\/#primaryimage\"},\"image\":{\"@id\":\"https:\/\/kellycolonges.com\/index.php\/ateliers-et-formations\/balades-botaniques-provence\/#primaryimage\"},\"thumbnailUrl\":\"https:\/\/kellycolonges.com\/wp-content\/uploads\/2023\/01\/IMG_20221228_151646-576x1024.jpg\",\"datePublished\":\"2023-03-27T19:51:42+00:00\",\"dateModified\":\"2025-10-04T21:26:00+00:00\",\"description\":\"Vous avez envie de d\u00e9couvrir les plantes qui vous entourent? Partez en balades botaniques en Provence pour apprendre \u00e0 les reconnaitre.\",\"breadcrumb\":{\"@id\":\"https:\/\/kellycolonges.com\/index.php\/ateliers-et-formations\/balades-botaniques-provence\/#breadcrumb\"},\"inLanguage\":\"fr-FR\",\"potentialAction\":[{\"@type\":\"ReadAction\",\"target\":[\"https:\/\/kellycolonges.com\/index.php\/ateliers-et-formations\/balades-botaniques-provence\/\"]}]},{\"@type\":\"ImageObject\",\"inLanguage\":\"fr-FR\",\"@id\":\"https:\/\/kellycolonges.com\/index.php\/ateliers-et-formations\/balades-botaniques-provence\/#primaryimage\",\"url\":\"https:\/\/kellycolonges.com\/wp-content\/uploads\/2023\/01\/IMG_20221228_151646-scaled.jpg\",\"contentUrl\":\"https:\/\/kellycolonges.com\/wp-content\/uploads\/2023\/01\/IMG_20221228_151646-scaled.jpg\",\"width\":1440,\"height\":2560,\"caption\":\"Gen\u00e9vrier commun\"},{\"@type\":\"BreadcrumbList\",\"@id\":\"https:\/\/kellycolonges.com\/index.php\/ateliers-et-formations\/balades-botaniques-provence\/#breadcrumb\",\"itemListElement\":[{\"@type\":\"ListItem\",\"position\":1,\"name\":\"Home\",\"item\":\"https:\/\/kellycolonges.com\/\"},{\"@type\":\"ListItem\",\"position\":2,\"name\":\"Ateliers et formations\",\"item\":\"https:\/\/kellycolonges.com\/index.php\/ateliers-et-formations\/\"},{\"@type\":\"ListItem\",\"position\":3,\"name\":\"Balades botaniques Provence\"}]},{\"@type\":\"WebSite\",\"@id\":\"https:\/\/kellycolonges.com\/#website\",\"url\":\"https:\/\/kellycolonges.com\/\",\"name\":\"Kelly Colonges Praticienne en Herboristerie\",\"description\":\"Kelly Colonges - Praticienne en herboristerie\",\"publisher\":{\"@id\":\"https:\/\/kellycolonges.com\/#organization\"},\"potentialAction\":[{\"@type\":\"SearchAction\",\"target\":{\"@type\":\"EntryPoint\",\"urlTemplate\":\"https:\/\/kellycolonges.com\/?s={search_term_string}\"},\"query-input\":{\"@type\":\"PropertyValueSpecification\",\"valueRequired\":true,\"valueName\":\"search_term_string\"}}],\"inLanguage\":\"fr-FR\"},{\"@type\":\"Organization\",\"@id\":\"https:\/\/kellycolonges.com\/#organization\",\"name\":\"La r\u00e9serve de l\u2019\u00e9cureuil\",\"url\":\"https:\/\/kellycolonges.com\/\",\"logo\":{\"@type\":\"ImageObject\",\"inLanguage\":\"fr-FR\",\"@id\":\"https:\/\/kellycolonges.com\/#\/schema\/logo\/image\/\",\"url\":\"https:\/\/kellycolonges.com\/wp-content\/uploads\/2023\/01\/cropped-cropped-1D59F171-739F-40DB-8754-9DA0A084803D.png\",\"contentUrl\":\"https:\/\/kellycolonges.com\/wp-content\/uploads\/2023\/01\/cropped-cropped-1D59F171-739F-40DB-8754-9DA0A084803D.png\",\"width\":512,\"height\":512,\"caption\":\"La r\u00e9serve de l\u2019\u00e9cureuil\"},\"image\":{\"@id\":\"https:\/\/kellycolonges.com\/#\/schema\/logo\/image\/\"},\"sameAs\":[\"https:\/\/www.facebook.com\/profile.php?id=100090131862729\",\"https:\/\/www.instagram.com\/lareserve_del_ecureuil\/\",\"https:\/\/www.linkedin.com\/in\/kelly-colonges-phd-a49929103\/\"]}]}<\/script>\n<!-- \/ Yoast SEO plugin. -->","yoast_head_json":{"title":"Balades botaniques Provence","description":"Vous avez envie de d\u00e9couvrir les plantes qui vous entourent? Partez en balades botaniques en Provence pour apprendre \u00e0 les reconnaitre.","robots":{"index":"index","follow":"follow","max-snippet":"max-snippet:-1","max-image-preview":"max-image-preview:large","max-video-preview":"max-video-preview:-1"},"canonical":"https:\/\/kellycolonges.com\/index.php\/ateliers-et-formations\/balades-botaniques-provence\/","og_locale":"fr_FR","og_type":"article","og_title":"Balades botaniques Provence","og_description":"Vous avez envie de d\u00e9couvrir les plantes qui vous entourent? Partez en balades botaniques en Provence pour apprendre \u00e0 les reconnaitre.","og_url":"https:\/\/kellycolonges.com\/index.php\/ateliers-et-formations\/balades-botaniques-provence\/","og_site_name":"La r\u00e9serve de l\u2019\u00e9cureuil","article_publisher":"https:\/\/www.facebook.com\/profile.php?id=100090131862729","article_modified_time":"2025-10-04T21:26:00+00:00","og_image":[{"width":1440,"height":2560,"url":"https:\/\/kellycolonges.com\/wp-content\/uploads\/2023\/01\/IMG_20221228_151646-scaled.jpg","type":"image\/jpeg"}],"twitter_card":"summary_large_image","twitter_misc":{"Dur\u00e9e de lecture estim\u00e9e":"3 minutes"},"schema":{"@context":"https:\/\/schema.org","@graph":[{"@type":"WebPage","@id":"https:\/\/kellycolonges.com\/index.php\/ateliers-et-formations\/balades-botaniques-provence\/","url":"https:\/\/kellycolonges.com\/index.php\/ateliers-et-formations\/balades-botaniques-provence\/","name":"Balades botaniques Provence","isPartOf":{"@id":"https:\/\/kellycolonges.com\/#website"},"primaryImageOfPage":{"@id":"https:\/\/kellycolonges.com\/index.php\/ateliers-et-formations\/balades-botaniques-provence\/#primaryimage"},"image":{"@id":"https:\/\/kellycolonges.com\/index.php\/ateliers-et-formations\/balades-botaniques-provence\/#primaryimage"},"thumbnailUrl":"https:\/\/kellycolonges.com\/wp-content\/uploads\/2023\/01\/IMG_20221228_151646-576x1024.jpg","datePublished":"2023-03-27T19:51:42+00:00","dateModified":"2025-10-04T21:26:00+00:00","description":"Vous avez envie de d\u00e9couvrir les plantes qui vous entourent? Partez en balades botaniques en Provence pour apprendre \u00e0 les reconnaitre.","breadcrumb":{"@id":"https:\/\/kellycolonges.com\/index.php\/ateliers-et-formations\/balades-botaniques-provence\/#breadcrumb"},"inLanguage":"fr-FR","potentialAction":[{"@type":"ReadAction","target":["https:\/\/kellycolonges.com\/index.php\/ateliers-et-formations\/balades-botaniques-provence\/"]}]},{"@type":"ImageObject","inLanguage":"fr-FR","@id":"https:\/\/kellycolonges.com\/index.php\/ateliers-et-formations\/balades-botaniques-provence\/#primaryimage","url":"https:\/\/kellycolonges.com\/wp-content\/uploads\/2023\/01\/IMG_20221228_151646-scaled.jpg","contentUrl":"https:\/\/kellycolonges.com\/wp-content\/uploads\/2023\/01\/IMG_20221228_151646-scaled.jpg","width":1440,"height":2560,"caption":"Gen\u00e9vrier commun"},{"@type":"BreadcrumbList","@id":"https:\/\/kellycolonges.com\/index.php\/ateliers-et-formations\/balades-botaniques-provence\/#breadcrumb","itemListElement":[{"@type":"ListItem","position":1,"name":"Home","item":"https:\/\/kellycolonges.com\/"},{"@type":"ListItem","position":2,"name":"Ateliers et formations","item":"https:\/\/kellycolonges.com\/index.php\/ateliers-et-formations\/"},{"@type":"ListItem","position":3,"name":"Balades botaniques Provence"}]},{"@type":"WebSite","@id":"https:\/\/kellycolonges.com\/#website","url":"https:\/\/kellycolonges.com\/","name":"Kelly Colonges Praticienne en Herboristerie","description":"Kelly Colonges - Praticienne en herboristerie","publisher":{"@id":"https:\/\/kellycolonges.com\/#organization"},"potentialAction":[{"@type":"SearchAction","target":{"@type":"EntryPoint","urlTemplate":"https:\/\/kellycolonges.com\/?s={search_term_string}"},"query-input":{"@type":"PropertyValueSpecification","valueRequired":true,"valueName":"search_term_string"}}],"inLanguage":"fr-FR"},{"@type":"Organization","@id":"https:\/\/kellycolonges.com\/#organization","name":"La r\u00e9serve de l\u2019\u00e9cureuil","url":"https:\/\/kellycolonges.com\/","logo":{"@type":"ImageObject","inLanguage":"fr-FR","@id":"https:\/\/kellycolonges.com\/#\/schema\/logo\/image\/","url":"https:\/\/kellycolonges.com\/wp-content\/uploads\/2023\/01\/cropped-cropped-1D59F171-739F-40DB-8754-9DA0A084803D.png","contentUrl":"https:\/\/kellycolonges.com\/wp-content\/uploads\/2023\/01\/cropped-cropped-1D59F171-739F-40DB-8754-9DA0A084803D.png","width":512,"height":512,"caption":"La r\u00e9serve de l\u2019\u00e9cureuil"},"image":{"@id":"https:\/\/kellycolonges.com\/#\/schema\/logo\/image\/"},"sameAs":["https:\/\/www.facebook.com\/profile.php?id=100090131862729","https:\/\/www.instagram.com\/lareserve_del_ecureuil\/","https:\/\/www.linkedin.com\/in\/kelly-colonges-phd-a49929103\/"]}]}},"_links":{"self":[{"href":"https:\/\/kellycolonges.com\/index.php\/wp-json\/wp\/v2\/pages\/1151","targetHints":{"allow":["GET"]}}],"collection":[{"href":"https:\/\/kellycolonges.com\/index.php\/wp-json\/wp\/v2\/pages"}],"about":[{"href":"https:\/\/kellycolonges.com\/index.php\/wp-json\/wp\/v2\/types\/page"}],"author":[{"embeddable":true,"href":"https:\/\/kellycolonges.com\/index.php\/wp-json\/wp\/v2\/users\/1"}],"replies":[{"embeddable":true,"href":"https:\/\/kellycolonges.com\/index.php\/wp-json\/wp\/v2\/comments?post=1151"}],"version-history":[{"count":40,"href":"https:\/\/kellycolonges.com\/index.php\/wp-json\/wp\/v2\/pages\/1151\/revisions"}],"predecessor-version":[{"id":2444,"href":"https:\/\/kellycolonges.com\/index.php\/wp-json\/wp\/v2\/pages\/1151\/revisions\/2444"}],"up":[{"embeddable":true,"href":"https:\/\/kellycolonges.com\/index.php\/wp-json\/wp\/v2\/pages\/167"}],"wp:attachment":[{"href":"https:\/\/kellycolonges.com\/index.php\/wp-json\/wp\/v2\/media?parent=1151"}],"curies":[{"name":"wp","href":"https:\/\/api.w.org\/{rel}","templated":true}]}}